der when 1505 is divided by 252?
245
Calculate the remainder when 15076 is divided by 7535.
6
Calculate the remainder when 2051791 is divided by 16.
15
What is the remainder when 64651 is divided by 93?
16
What is the remainder when 4981 is divided by 1152?
373
What is the remainder when 17690 is divided by 316?
310
What is the remainder when 203658 is divided by 37?
10
Calculate the remainder when 4967 is divided by 4218.
749
What is the remainder when 598292 is divided by 62?
54
What is the remainder when 8685 is divided by 1280?
1005
What is the remainder when 271 is divided by 14?
5
Calculate the remainder when 948 is divided by 941.
7
Calculate the remainder when 25003 is divided by 47.
46
What is the remainder when 1948 is divided by 157?
64
Calculate the remainder when 255861 is divided by 14.
11
What is the remainder when 16477 is divided by 5492?
1
Calculate the remainder when 87644 is divided by 12517.
25
What is the remainder when 3042 is divided by 208?
130
Calculate the remainder when 5332 is divided by 319.
228
What is the remainder when 885057 is divided by 413?
411
What is the remainder when 17493 is divided by 86?
35
What is the remainder when 462 is divided by 184?
94
What is the remainder when 100523 is divided by 24?
11
Calculate the remainder when 3861836 is divided by 27.
26
Calculate the remainder when 24729 is divided by 83.
78
What is the remainder when 23844 is divided by 44?
40
What is the remainder when 24652 is divided by 23?
19
What is the remainder when 19554 is divided by 35?
24
What is the remainder when 3128 is divided by 349?
336
Calculate the remainder when 1810991 is divided by 347.
345
What is the remainder when 1010 is divided by 990?
20
What is the remainder when 1382017 is divided by 22?
21
What is the remainder when 19878 is divided by 13?
1
Calculate the remainder when 821513 is divided by 43.
41
What is the remainder when 4518 is divided by 125?
18
Calculate the remainder when 56385 is divided by 324.
9
Calculate the remainder when 4979 is divided by 41.
18
What is the remainder when 33743 is divided by 1601?
122
What is the remainder when 12654 is divided by 6324?
6
What is the remainder when 16897 is divided by 8192?
513
What is the remainder when 572 is divided by 56?
12
What is the remainder when 27274 is divided by 210?
184
Calculate the remainder when 3395699 is divided by 825.
824
Calculate the remainder when 443 is divided by 343.
100
Calculate the remainder when 2766 is divided by 55.
16
Calculate the remainder when 25549 is divided by 35.
34
Calculate the remainder when 323841 is divided by 366.
297
Calculate the remainder when 6237 is divided by 563.
44
What is the remainder when 26510 is divided by 21?
8
Calculate the remainder when 210512 is divided by 98.
8
Calculate the remainder when 2643 is divided by 1315.
13
What is the remainder when 1066 is divided by 848?
218
Calculate the remainder when 8656 is divided by 4317.
22
Calculate the remainder when 3271797 is divided by 1025.
1022
What is the remainder when 27910 is divided by 129?
46
Calculate the remainder when 4010187 is divided by 7.
6
What is the remainder when 1264 is divided by 603?
58
What is the remainder when 16950 is divided by 223?
2
What is the remainder when 5567 is divided by 1855?
2
Calculate the remainder when 6149 is divided by 125.
24
Calculate the remainder when 648 is divided by 136.
104
What is the remainder when 3249 is divided by 51?
36
What is the remainder when 86856 is divided by 137?
135
Calculate the remainder when 12269 is divided by 5993.
283
Calculate the remainder when 7399653 is divided by 271.
269
Calculate the remainder when 26302 is divided by 173.
6
Calculate the remainder when 2275017 is divided by 165.
162
What is the remainder when 77217 is divided by 314?
287
What is the remainder when 11294 is divided by 801?
80
What is the remainder when 1371 is divided by 497?
377
What is the remainder when 1829 is divided by 752?
325
Calculate the remainder when 1058 is divided by 29.
14
What is the remainder when 6001 is divided by 49?
23
What is the remainder when 1458 is divided by 124?
94
Calculate the remainder when 31456 is divided by 491.
32
What is the remainder when 5863 is divided by 730?
23
Calculate the remainder when 252601 is divided by 252578.
23
What is the remainder when 7839 is divided by 26?
13
What is the remainder when 18657 is divided by 68?
25
Calculate the remainder when 68796 is divided by 2280.
396
What is the remainder when 1174 is divided by 592?
582
What is the remainder when 13281 is divided by 227?
115
Calculate the remainder when 60218 is divided by 263.
254
Calculate the remainder when 451 is divided by 367.
84
What is the remainder when 270123 is divided by 14?
7
Calculate the remainder when 2739 is divided by 39.
9
Calculate the remainder when 1445 is divided by 131.
4
Calculate the remainder when 283 is divided by 163.
120
Calculate the remainder when 483821 is divided by 416.
13
What is the remainder when 83466 is divided by 12?
6
What is the remainder when 493567 is divided by 641?
638
What is the remainder when 27567429 is divided by 1432?
1429
Calculate the remainder when 13482 is divided by 4480.
42
Calculate the remainder when 143817 is divided by 705.
702
What is the remainder when 83345 is divided by 496?
17
Calculate the remainder when 34285 is divided by 79.
78
Calculate the remainder when 11189 is divided by 14.
3
What is the remainder when 10252 is divided by 395?
377
What is the remainder when 7941 is divided by 3967?
7
What is the remainder when 3127 is divided by 518?
19
What is the remainder when 52198 is divided by 60?
58
What is the remainder when 25133 is divided by 71?
70
What is the remainder when 2044 is divided by 499?
48
Calculate the remainder when 13050 is divided by 4323.
81
What is the remainder when 683696 is divided by 89?
87
What is the remainder when 9486 is divided by 317?
293
What is the remainder when 175814 is divided by 9?
8
What is the remainder when 2281854 is divided by 8?
6
Calculate the remainder when 14681 is divided by 4853.
122
What is the remainder when 340090 is divided by 9?
7
What is the remainder when 54279 is divided by 13566?
15
Calculate the remainder when 12293 is divided by 8.
5
What is the remainder when 967 is divided by 336?
295
Calculate the remainder when 467 is divided by 442.
25
Calculate the remainder when 22575 is divided by 505.
355
Calculate the remainder when 3639777 is divided by 365.
362
What is the remainder when 16901 is divided by 14?
3
Calculate the remainder when 765989 is divided by 90.
89
What is the remainder when 8116 is divided by 452?
432
Calculate the remainder when 73852 is divided by 1203.
469
What is the remainder when 283103 is divided by 288?
287
What is the remainder when 2890 is divided by 508?
350
What is the remainder when 1469 is divided by 470?
59
Calculate the remainder when 63 is divided by 2.
1
What is the remainder when 929 is divided by 688?
241
What is the remainder when 28491 is divided by 95?
86
What is the remainder when 23722 is divided by 11607?
508
What is the remainder when 8302 is divided by 3?
1
Calculate the remainder when 126291 is divided by 67.
63
Calculate the remainder when 7981 is divided by 235.
226
Calculate the remainder when 7165 is divided by 173.
72
Calculate the remainder when 173636 is divided by 115.
101
Calculate the remainder when 44448 is divided by 11111.
4
What is the remainder when 2166 is divided by 2155?
11
Calculate the remainder when 43920 is divided by 11.
8
Calculate the remainder when 52378 is divided by 26183.
12
Calculate the remainder when 21615 is divided by 200.
15
Calculate the remainder when 25251 is divided by 2293.
28
Calculate the remainder when 19358 is divided by 75.
8
What is the remainder when 653857 is divided by 251?
2
Calculate the remainder when 8279 is divided by 268.
239
What is the remainder when 279757 is divided by 16?
13
Calculate the remainder when 1412 is divided by 641.
130
Calculate the remainder when 132907 is divided by 66440.
27
Calculate the remainder when 9931 is divided by 406.
187
Calculate the remainder when 98733 is divided by 12.
9
What is the remainder when 86535 is divided by 116?
115
Calcula